313?
3
What is the hundred thousands digit of 4045692?
0
What is the hundreds digit of 3263606?
6
What is the thousands digit of 90864?
0
What is the units digit of 30615037?
7
What is the millions digit of 1206198?
1
What is the hundred thousands digit of 13240298?
2
What is the hundred thousands digit of 140845?
1
What is the hundred thousands digit of 2418546?
4
What is the hundred thousands digit of 4124124?
1
What is the ten thousands digit of 141834?
4
What is the tens digit of 388599?
9
What is the thousands digit of 21471779?
1
What is the thousands digit of 589835?
9
What is the hundred thousands digit of 4644726?
6
What is the hundred thousands digit of 181015?
1
What is the ten thousands digit of 15865867?
6
What is the hundreds digit of 329089?
0
What is the tens digit of 777450?
5
What is the tens digit of 10102334?
3
What is the units digit of 247081?
1
What is the hundreds digit of 2080366?
3
What is the hundred thousands digit of 880507?
8
What is the hundreds digit of 16501605?
6
What is the thousands digit of 53238?
3
What is the units digit of 4051640?
0
What is the thousands digit of 125334?
5
What is the ten thousands digit of 9209902?
0
What is the millions digit of 4268224?
4
What is the thousands digit of 2004649?
4
What is the hundreds digit of 4952011?
0
What is the tens digit of 5151428?
2
What is the thousands digit of 203169?
3
What is the millions digit of 17039064?
7
What is the thousands digit of 3333403?
3
What is the ten thousands digit of 19990304?
9
What is the hundreds digit of 597929?
9
What is the ten millions digit of 34752984?
3
What is the thousands digit of 40614?
0
What is the ten thousands digit of 2776777?
7
What is the hundred thousands digit of 11100373?
1
What is the hundred thousands digit of 455082?
4
What is the ten thousands digit of 3438264?
3
What is the tens digit of 74289?
8
What is the hundreds digit of 81820?
8
What is the units digit of 7551261?
1
What is the tens digit of 632560?
6
What is the units digit of 168255?
5
What is the hundred thousands digit of 1978711?
9
What is the hundred thousands digit of 183881?
1
What is the hundreds digit of 1674865?
8
What is the thousands digit of 138658?
8
What is the tens digit of 41461633?
3
What is the tens digit of 132857?
5
What is the tens digit of 288088?
8
What is the units digit of 1263034?
4
What is the units digit of 15733315?
5
What is the millions digit of 13490469?
3
What is the tens digit of 27074592?
9
What is the tens digit of 30431218?
1
What is the hundred thousands digit of 34106472?
1
What is the thousands digit of 353089?
3
What is the units digit of 5248920?
0
What is the hundreds digit of 721977?
9
What is the units digit of 696597?
7
What is the units digit of 1257037?
7
What is the tens digit of 215754?
5
What is the units digit of 100096?
6
What is the ten thousands digit of 5621134?
2
What is the hundred thousands digit of 1246693?
2
What is the hundreds digit of 1312320?
3
What is the hundreds digit of 809022?
0
What is the tens digit of 111296?
9
What is the thousands digit of 1630753?
0
What is the units digit of 1132153?
3
What is the units digit of 10415351?
1
What is the ten thousands digit of 454550?
5
What is the hundred thousands digit of 948777?
9
What is the thousands digit of 566717?
6
What is the ten thousands digit of 3411017?
1
What is the thousands digit of 12288103?
8
What is the ten thousands digit of 2680317?
8
What is the hundreds digit of 313918?
9
What is the hundred thousands digit of 23114460?
1
What is the millions digit of 2982273?
2
What is the millions digit of 8884363?
8
What is the units digit of 8166277?
7
What is the tens digit of 3048329?
2
What is the hundreds digit of 299202?
2
What is the thousands digit of 952930?
2
What is the hundred thousands digit of 1624849?
6
What is the units digit of 535277?
7
What is the tens digit of 4437820?
2
What is the thousands digit of 3018238?
8
What is the tens digit of 20497811?
1
What is the hundred thousands digit of 390079?
3
What is the units digit of 1931?
1
What is the tens digit of 320881?
8
What is the tens digit of 2140433?
3
What is the tens digit of 6613481?
8
What is the hundred thousands digit of 2506309?
5
What is the millions digit of 4869752?
4
What is the ten thousands digit of 332495?
3
What is the millions digit of 8623750?
8
What is the hundred thousands digit of 1057365?
0
What is the ten thousands digit of 193864?
9
What is the hundreds digit of 417239?
2
What is the thousands digit of 1319450?
9
What is the ten thousands digit of 19839028?
3
What is the millions digit of 3415336?
3
What is the thousands digit of 1695363?
5
What is the hundred thousands digit of 1468961?
4
What is the tens digit of 1563864?
6
What is the ten thousands digit of 2387681?
8
What is the tens digit of 5105258?
5
What is the tens digit of 261926?
2
What is the hundreds digit of 1317465?
4
What is the units digit of 3601330?
0
What is the hundred thousands digit of 25020032?
0
What is the thousands digit of 17586?
7
What is the ten thousands digit of 4133649?
3
What is the units digit of 302596?
6
What is the thousands digit of 1549553?
9
What is the hundreds digit of 596312?
3
What is the millions digit of 17920636?
7
What is the millions digit of 10257534?
0
What is the ten thousands digit of 249134?
4
What is the hundred thousands digit of 301069?
3
What is the tens digit of 183631?
3
What is the ten thousands digit of 3250853?
5
What is the hundreds digit of 208815?
8
What is the thousands digit of 379083?
9
What is the hundreds digit of 80586?
5
What is the hundreds digit of 658210?
2
What is the thousands digit of 1891248?
1
What is the units digit of 23194733?
3
What is the hundreds digit of 12697928?
9
What is the units digit of 5056353?
3
What is the units digit of 2161343?
3
What is the thousands digit of 52369?
2
What is the thousands digit of 250712?
0
What is the thousands digit of 1284452?
4
What is the ten thousands digit of 591782?
9
What is the tens digit of 192095?
9
What is the tens digit of 202185?
8
What is the units digit of 865897?
7
What is the units digit of 56843?
3
What is the thousands digit of 3696905?
6
What is the hundreds digit of 59273?
2
What is the ten thousands digit of 2312804?
1
What is the ten millions digit of 18491572?
1
What is the thousands digit of 174431?
4
What is the tens digit of 17192631?
3
What is the ten thousands digit of 24129492?
2
What is the ten thousands digit of 9307210?
0
What is the units digit of 11759735?
5
What is the ten thousands digit of 24738955?
3
What is the thousands digit of 19138035?
8
What is the units digit of 348164?
4
What is the tens digit of 22044537?
3
What is the ten thousands digit of 1197971?
9
What is the millions digit of 9941104?
9
What is the hundreds digit of 1660791?
7
What is the thousands digit of 448187?
8
What is the tens digit of 3462756?
5
What is the hundreds digit of 1785255?
2
What is the hundreds digit of 1897109?
1
What is the tens digit of 31171?
7
What is the tens digit of 547621?
2
What is the hundred thousands digit of 373867?
3
What is the ten thousands digit of 3950543?
5
What is the units digit of 1810041?
1
What is the units digit of 350299?
9
What is the units digit of 754916?
6
What is the ten thousands digit of 728052?
2
What is the hundreds digit of 1201255?
2
What is the millions digit of 1352817?
1
What is the tens digit of 3023623?
2
What is the hundreds digit of 1046533?
5
What is the hundreds digit of 300827?
8
What is the thousands digit of 67218?
7
What is the ten thousands digit of 965853?
6
What is the tens digit of 3005?
0
What is the tens digit of 23004?
0
What is the hundred thousands digit of 841686?
8
What is the tens digit of 459056?
5
What is the thousands digit of 336986?
6
What is the hundred thousands digit of 24457058?
4
What is the ten thousands digit of 277074?
7
What is the tens digit of 8526267?
6
What is the units digit of 3149294?
4
What is the hundreds digit of 70323?
3
What is the hundreds digit of 109794?
7
What is the millions digit of 1966757?
1
What is the hundreds digit of 3678440?
4
What is the tens digit of 1184562?
6
What is the tens digit of 445877?
7
What is the hundred thousands digit of 3131610